{"id":1218,"date":"2022-11-13T19:14:33","date_gmt":"2022-11-13T19:14:33","guid":{"rendered":"https:\/\/virginiacentrobelleza.es\/?page_id=1218"},"modified":"2022-11-13T19:18:01","modified_gmt":"2022-11-13T19:18:01","slug":"microdermoabrasion-o-limpieza-facial-con-puntas-de-diamante","status":"publish","type":"page","link":"https:\/\/virginiacentrobelleza.es\/index.php\/microdermoabrasion-o-limpieza-facial-con-puntas-de-diamante\/","title":{"rendered":"MICRODERMOABRASI\u00d3N O LIMPIEZA FACIAL CON PUNTAS DE DIAMANTE"},"content":{"rendered":"\t\t<div data-elementor-type=\"wp-page\" data-elementor-id=\"1218\" class=\"elementor elementor-1218\">\n\t\t\t\t\t\t<section class=\"elementor-section elementor-top-section elementor-element elementor-element-9767ace elementor-section-boxed elementor-section-height-default elementor-section-height-default\" data-id=\"9767ace\" data-element_type=\"section\">\n\t\t\t\t\t\t<div class=\"elementor-container elementor-column-gap-default\">\n\t\t\t\t\t<div class=\"elementor-column elementor-col-100 elementor-top-column elementor-element elementor-element-d47d8bd\" data-id=\"d47d8bd\" data-element_type=\"column\">\n\t\t\t<div class=\"elementor-widget-wrap elementor-element-populated\">\n\t\t\t\t\t\t<div class=\"elementor-element elementor-element-86f696d elementor-widget elementor-widget-spacer\" data-id=\"86f696d\" data-element_type=\"widget\" data-widget_type=\"spacer.default\">\n\t\t\t\t<div class=\"elementor-widget-container\">\n\t\t\t\t\t\t\t<div class=\"elementor-spacer\">\n\t\t\t<div class=\"elementor-spacer-inner\"><\/div>\n\t\t<\/div>\n\t\t\t\t\t\t<\/div>\n\t\t\t\t<\/div>\n\t\t\t\t<div class=\"elementor-element elementor-element-b415718 elementor-invisible elementor-widget elementor-widget-heading\" data-id=\"b415718\" data-element_type=\"widget\" data-settings=\"{&quot;_animation&quot;:&quot;zoomIn&quot;}\" data-widget_type=\"heading.default\">\n\t\t\t\t<div class=\"elementor-widget-container\">\n\t\t\t\t\t<h2 class=\"elementor-heading-title elementor-size-default\">MICRODERMOABRASI\u00d3N O LIMPIEZA FACIAL CON PUNTAS DE DIAMANTE<\/h2>\t\t\t\t<\/div>\n\t\t\t\t<\/div>\n\t\t\t\t\t<\/div>\n\t\t<\/div>\n\t\t\t\t\t<\/div>\n\t\t<\/section>\n\t\t\t\t<section class=\"elementor-section elementor-top-section elementor-element elementor-element-8fe3356 elementor-section-boxed elementor-section-height-default elementor-section-height-default\" data-id=\"8fe3356\" data-element_type=\"section\">\n\t\t\t\t\t\t<div class=\"elementor-container elementor-column-gap-default\">\n\t\t\t\t\t<div class=\"elementor-column elementor-col-100 elementor-top-column elementor-element elementor-element-0e8b347\" data-id=\"0e8b347\" data-element_type=\"column\">\n\t\t\t<div class=\"elementor-widget-wrap elementor-element-populated\">\n\t\t\t\t\t\t<div class=\"elementor-element elementor-element-2518338 elementor-invisible elementor-widget elementor-widget-text-editor\" data-id=\"2518338\" data-element_type=\"widget\" data-settings=\"{&quot;_animation&quot;:&quot;fadeInLeft&quot;}\" data-widget_type=\"text-editor.default\">\n\t\t\t\t<div class=\"elementor-widget-container\">\n\t\t\t\t\t\t\t\t\t<p>Microdermoabrasi\u00f3n es una\u00a0exfoliaci\u00f3n que se produce sobre la epidermis y la dermis\u00a0de una forma muy suave. Los resultados que podemos obtener son muy parecidos a los de un peeling, es decir,\u00a0elimina las c\u00e9lulas muertas\u00a0y favorece la aparici\u00f3n de nuevas c\u00e9lulas.<\/p><p>La\u00a0Microdermoabrasi\u00f3n\u00a0es una evoluci\u00f3n de la dermoabrasi\u00f3n, aunque con diferencias importantes. En primer lugar, la dermoabrasi\u00f3n profundiza mucho m\u00e1s en la epidermis que la Microdermoabrasi\u00f3n.<\/p><p>La Microdermoabrasi\u00f3n,\u00a0no es una t\u00e9cnica agresiva, por lo que despu\u00e9s de una sesi\u00f3n puedes hacer una vida totalmente normal. No olvidar aplicar siempre protecci\u00f3n solar en el rostro despu\u00e9s del tratamiento.<\/p><p>La t\u00e9cnica de Microdermoabrasi\u00f3n es utilizada tanto por\u00a0mujeres como por hombres. Todos podemos disfrutar de esta\u00a0t\u00e9cnica exfoliante, no es necesario tener una piel envejecida o da\u00f1ada, ya que los resultados son espectaculares en cuanto al rejuvenecimiento de piel.<\/p><p>\u00a0<\/p><p>Este tratamiento<span style=\"font-style: inherit;\">\u00a0<\/span><span style=\"font-style: inherit;\">elimina las c\u00e9lulas muertas<\/span>\u00a0de la piel, adem\u00e1s de la grasa y algunos puntos negros que no sean muy profundos.<\/p><p>\u00a0<\/p><p>Con\u00a0la Microdermoabrasi\u00f3n disminuye el tama\u00f1o de los poros, mejorando la textura de la piel y atenuando las manchas provocadas por el sol y las marcas o cicatrices producidas por problemas cut\u00e1neos como el acn\u00e9. Los resultados son evidentes, una piel m\u00e1s uniforme, con un color homog\u00e9neo y suave.<\/p><p>Para llevar a cabo una sesi\u00f3n de\u00a0Microdermoabrasi\u00f3n con puntas de diamante, primero hay que limpiar bien la piel del rostro, as\u00ed eliminaremos impurezas, grasas y restos de maquillaje.<\/p><p>Por medio de\u00a0succi\u00f3n, se realiza una limpieza a diferentes niveles, sirvi\u00e9ndose de\u00a0cabezales.<\/p><p>La periodicidad con la que hay que someterse a las sesiones de\u00a0Microdermoabrasi\u00f3n con puntas de diamante, ser\u00e1 de\u00a0una vez por semana. Si queremos obtener unos buenos resultados, se recomienda realizar\u00a0de 5 a 10 sesiones.<\/p><p>\u00a0BENEFICIOS:<\/p><ul><li>El procedimiento en s\u00ed\u00a0no es agresivo<\/li><li>Suaviza las l\u00edneas de expresi\u00f3n\u00a0y el envejecimiento cut\u00e1neo por exposici\u00f3n solar u otros elementos da\u00f1inos para la piel como es la contaminaci\u00f3n<\/li><li>Las\u00a0sesiones son cortas<\/li><li>Reducen e incluso\u00a0eliminan las arrugas finas<\/li><li>Elimina las c\u00e9lulas muertas\u00a0de la piel<\/li><li>Se\u00a0reducen las marcas\u00a0provocadas por el acn\u00e9 o cicatrices peque\u00f1as<\/li><li>Activa la circulaci\u00f3n sangu\u00ednea, recibiendo las c\u00e9lulas m\u00e1s aporte de ox\u00edgeno<\/li><li>Efectivo sobre las\u00a0manchas cut\u00e1neas<\/li><li>Mejora la apariencia de las estr\u00edas, suaviz\u00e1ndolas<\/li><li>Un tratamiento\u00a0indoloro<\/li><li>Atena\u00a0puntos negros y blancos<\/li><li>Tonifica la piel del rostro, mejorando su tono<\/li><li>No existen efectos secundarios, luego podr\u00e1s reanudar tu vida normal inmediatamente<\/li><li>Cierra los poros\u00a0abiertos de la pie, tras haberlos limpiado y vaciado de impurezas y grasas<\/li><li>No se utilizan\u00a0ning\u00fan tipo de qu\u00edmicos<\/li><li>Estimula la\u00a0renovaci\u00f3n celular<\/li><li>No se irrita la piel\u00a0ni se producen enrojecimiento\u00a0<\/li><\/ul><ul><li>Sensaci\u00f3n de mejor\u00eda\u00a0tras la sesi\u00f3n<\/li><li>La piel se volver\u00e1\u00a0m\u00e1s firme<\/li><\/ul>\t\t\t\t\t\t\t\t<\/div>\n\t\t\t\t<\/div>\n\t\t\t\t\t<\/div>\n\t\t<\/div>\n\t\t\t\t\t<\/div>\n\t\t<\/section>\n\t\t\t\t<\/div>\n\t\t","protected":false},"excerpt":{"rendered":"<p>MICRODERMOABRASI\u00d3N O LIMPIEZA FACIAL CON PUNTAS DE DIAMANTE Microdermoabrasi\u00f3n es una\u00a0exfoliaci\u00f3n que se produce sobre la epidermis y la dermis\u00a0de una forma muy suave. Los resultados que podemos obtener son muy parecidos a los de un peeling, es decir,\u00a0elimina las c\u00e9lulas muertas\u00a0y favorece la aparici\u00f3n de nuevas c\u00e9lulas. La\u00a0Microdermoabrasi\u00f3n\u00a0es una evoluci\u00f3n de la dermoabrasi\u00f3n, aunque [&hellip;]<\/p>\n","protected":false},"author":1,"featured_media":0,"parent":0,"menu_order":0,"comment_status":"closed","ping_status":"closed","template":"","meta":{"site-sidebar-layout":"no-sidebar","site-content-layout":"page-builder","ast-site-content-layout":"","site-content-style":"default","site-sidebar-style":"default","ast-global-header-display":"","ast-banner-title-visibility":"","ast-main-header-display":"","ast-hfb-above-header-display":"","ast-hfb-below-header-display":"","ast-hfb-mobile-header-display":"","site-post-title":"disabled","ast-breadcrumbs-content":"","ast-featured-img":"disabled","footer-sml-layout":"","theme-transparent-header-meta":"","adv-header-id-meta":"","stick-header-meta":"","header-above-stick-meta":"","header-main-stick-meta":"","header-below-stick-meta":"","astra-migrate-meta-layouts":"default","ast-page-background-enabled":"default","ast-page-background-meta":{"desktop":{"background-color":"var(--ast-global-color-4)","background-image":"","background-repeat":"repeat","background-position":"center center","background-size":"auto","background-attachment":"scroll","background-type":"","background-media":"","overlay-type":"","overlay-color":"","overlay-opacity":"","overlay-gradient":""},"tablet":{"background-color":"","background-image":"","background-repeat":"repeat","background-position":"center center","background-size":"auto","background-attachment":"scroll","background-type":"","background-media":"","overlay-type":"","overlay-color":"","overlay-opacity":"","overlay-gradient":""},"mobile":{"background-color":"","background-image":"","background-repeat":"repeat","background-position":"center center","background-size":"auto","background-attachment":"scroll","background-type":"","background-media":"","overlay-type":"","overlay-color":"","overlay-opacity":"","overlay-gradient":""}},"ast-content-background-meta":{"desktop":{"background-color":"var(--ast-global-color-5)","background-image":"","background-repeat":"repeat","background-position":"center center","background-size":"auto","background-attachment":"scroll","background-type":"","background-media":"","overlay-type":"","overlay-color":"","overlay-opacity":"","overlay-gradient":""},"tablet":{"background-color":"var(--ast-global-color-5)","background-image":"","background-repeat":"repeat","background-position":"center center","background-size":"auto","background-attachment":"scroll","background-type":"","background-media":"","overlay-type":"","overlay-color":"","overlay-opacity":"","overlay-gradient":""},"mobile":{"background-color":"var(--ast-global-color-5)","background-image":"","background-repeat":"repeat","background-position":"center center","background-size":"auto","background-attachment":"scroll","background-type":"","background-media":"","overlay-type":"","overlay-color":"","overlay-opacity":"","overlay-gradient":""}},"footnotes":""},"class_list":["post-1218","page","type-page","status-publish","hentry"],"yoast_head":"<!-- This site is optimized with the Yoast SEO plugin v21.0 - https:\/\/yoast.com\/wordpress\/plugins\/seo\/ -->\n<title>MICRODERMOABRASI\u00d3N O LIMPIEZA FACIAL CON PUNTAS DE DIAMANTE &raquo; centrovirginia.es<\/title>\n<meta name=\"robots\" content=\"index, follow, max-snippet:-1, max-image-preview:large, max-video-preview:-1\" \/>\n<link rel=\"canonical\" href=\"https:\/\/virginiacentrobelleza.es\/index.php\/microdermoabrasion-o-limpieza-facial-con-puntas-de-diamante\/\" \/>\n<meta property=\"og:locale\" content=\"es_ES\" \/>\n<meta property=\"og:type\" content=\"article\" \/>\n<meta property=\"og:title\" content=\"MICRODERMOABRASI\u00d3N O LIMPIEZA FACIAL CON PUNTAS DE DIAMANTE &raquo; centrovirginia.es\" \/>\n<meta property=\"og:description\" content=\"MICRODERMOABRASI\u00d3N O LIMPIEZA FACIAL CON PUNTAS DE DIAMANTE Microdermoabrasi\u00f3n es una\u00a0exfoliaci\u00f3n que se produce sobre la epidermis y la dermis\u00a0de una forma muy suave. Los resultados que podemos obtener son muy parecidos a los de un peeling, es decir,\u00a0elimina las c\u00e9lulas muertas\u00a0y favorece la aparici\u00f3n de nuevas c\u00e9lulas. La\u00a0Microdermoabrasi\u00f3n\u00a0es una evoluci\u00f3n de la dermoabrasi\u00f3n, aunque [&hellip;]\" \/>\n<meta property=\"og:url\" content=\"https:\/\/virginiacentrobelleza.es\/index.php\/microdermoabrasion-o-limpieza-facial-con-puntas-de-diamante\/\" \/>\n<meta property=\"og:site_name\" content=\"centrovirginia.es\" \/>\n<meta property=\"article:modified_time\" content=\"2022-11-13T19:18:01+00:00\" \/>\n<meta name=\"twitter:card\" content=\"summary_large_image\" \/>\n<meta name=\"twitter:label1\" content=\"Tiempo de lectura\" \/>\n\t<meta name=\"twitter:data1\" content=\"2 minutos\" \/>\n<script type=\"application\/ld+json\" class=\"yoast-schema-graph\">{\"@context\":\"https:\/\/schema.org\",\"@graph\":[{\"@type\":\"WebPage\",\"@id\":\"https:\/\/virginiacentrobelleza.es\/index.php\/microdermoabrasion-o-limpieza-facial-con-puntas-de-diamante\/\",\"url\":\"https:\/\/virginiacentrobelleza.es\/index.php\/microdermoabrasion-o-limpieza-facial-con-puntas-de-diamante\/\",\"name\":\"MICRODERMOABRASI\u00d3N O LIMPIEZA FACIAL CON PUNTAS DE DIAMANTE &raquo; centrovirginia.es\",\"isPartOf\":{\"@id\":\"https:\/\/virginiacentrobelleza.es\/#website\"},\"datePublished\":\"2022-11-13T19:14:33+00:00\",\"dateModified\":\"2022-11-13T19:18:01+00:00\",\"breadcrumb\":{\"@id\":\"https:\/\/virginiacentrobelleza.es\/index.php\/microdermoabrasion-o-limpieza-facial-con-puntas-de-diamante\/#breadcrumb\"},\"inLanguage\":\"es\",\"potentialAction\":[{\"@type\":\"ReadAction\",\"target\":[\"https:\/\/virginiacentrobelleza.es\/index.php\/microdermoabrasion-o-limpieza-facial-con-puntas-de-diamante\/\"]}]},{\"@type\":\"BreadcrumbList\",\"@id\":\"https:\/\/virginiacentrobelleza.es\/index.php\/microdermoabrasion-o-limpieza-facial-con-puntas-de-diamante\/#breadcrumb\",\"itemListElement\":[{\"@type\":\"ListItem\",\"position\":1,\"name\":\"Portada\",\"item\":\"https:\/\/virginiacentrobelleza.es\/\"},{\"@type\":\"ListItem\",\"position\":2,\"name\":\"MICRODERMOABRASI\u00d3N O LIMPIEZA FACIAL CON PUNTAS DE DIAMANTE\"}]},{\"@type\":\"WebSite\",\"@id\":\"https:\/\/virginiacentrobelleza.es\/#website\",\"url\":\"https:\/\/virginiacentrobelleza.es\/\",\"name\":\"virginiacentrobelleza.es\",\"description\":\"S&oacute;lo otro sitio de WordPress\",\"publisher\":{\"@id\":\"https:\/\/virginiacentrobelleza.es\/#\/schema\/person\/b0baa4ae0b365b009216f49cb1cb5936\"},\"alternateName\":\"Centro Virginia\",\"potentialAction\":[{\"@type\":\"SearchAction\",\"target\":{\"@type\":\"EntryPoint\",\"urlTemplate\":\"https:\/\/virginiacentrobelleza.es\/?s={search_term_string}\"},\"query-input\":\"required name=search_term_string\"}],\"inLanguage\":\"es\"},{\"@type\":[\"Person\",\"Organization\"],\"@id\":\"https:\/\/virginiacentrobelleza.es\/#\/schema\/person\/b0baa4ae0b365b009216f49cb1cb5936\",\"name\":\"admin\",\"image\":{\"@type\":\"ImageObject\",\"inLanguage\":\"es\",\"@id\":\"https:\/\/virginiacentrobelleza.es\/#\/schema\/person\/image\/\",\"url\":\"https:\/\/virginiacentrobelleza.es\/wp-content\/uploads\/2022\/10\/cropped-54ced73337d34e33b546690dd4a78215-2.png\",\"contentUrl\":\"https:\/\/virginiacentrobelleza.es\/wp-content\/uploads\/2022\/10\/cropped-54ced73337d34e33b546690dd4a78215-2.png\",\"width\":200,\"height\":113,\"caption\":\"admin\"},\"logo\":{\"@id\":\"https:\/\/virginiacentrobelleza.es\/#\/schema\/person\/image\/\"},\"sameAs\":[\"https:\/\/virginiacentrobelleza.es\"]}]}<\/script>\n<!-- \/ Yoast SEO plugin. -->","yoast_head_json":{"title":"MICRODERMOABRASI\u00d3N O LIMPIEZA FACIAL CON PUNTAS DE DIAMANTE &raquo; centrovirginia.es","robots":{"index":"index","follow":"follow","max-snippet":"max-snippet:-1","max-image-preview":"max-image-preview:large","max-video-preview":"max-video-preview:-1"},"canonical":"https:\/\/virginiacentrobelleza.es\/index.php\/microdermoabrasion-o-limpieza-facial-con-puntas-de-diamante\/","og_locale":"es_ES","og_type":"article","og_title":"MICRODERMOABRASI\u00d3N O LIMPIEZA FACIAL CON PUNTAS DE DIAMANTE &raquo; centrovirginia.es","og_description":"MICRODERMOABRASI\u00d3N O LIMPIEZA FACIAL CON PUNTAS DE DIAMANTE Microdermoabrasi\u00f3n es una\u00a0exfoliaci\u00f3n que se produce sobre la epidermis y la dermis\u00a0de una forma muy suave. Los resultados que podemos obtener son muy parecidos a los de un peeling, es decir,\u00a0elimina las c\u00e9lulas muertas\u00a0y favorece la aparici\u00f3n de nuevas c\u00e9lulas. La\u00a0Microdermoabrasi\u00f3n\u00a0es una evoluci\u00f3n de la dermoabrasi\u00f3n, aunque [&hellip;]","og_url":"https:\/\/virginiacentrobelleza.es\/index.php\/microdermoabrasion-o-limpieza-facial-con-puntas-de-diamante\/","og_site_name":"centrovirginia.es","article_modified_time":"2022-11-13T19:18:01+00:00","twitter_card":"summary_large_image","twitter_misc":{"Tiempo de lectura":"2 minutos"},"schema":{"@context":"https:\/\/schema.org","@graph":[{"@type":"WebPage","@id":"https:\/\/virginiacentrobelleza.es\/index.php\/microdermoabrasion-o-limpieza-facial-con-puntas-de-diamante\/","url":"https:\/\/virginiacentrobelleza.es\/index.php\/microdermoabrasion-o-limpieza-facial-con-puntas-de-diamante\/","name":"MICRODERMOABRASI\u00d3N O LIMPIEZA FACIAL CON PUNTAS DE DIAMANTE &raquo; centrovirginia.es","isPartOf":{"@id":"https:\/\/virginiacentrobelleza.es\/#website"},"datePublished":"2022-11-13T19:14:33+00:00","dateModified":"2022-11-13T19:18:01+00:00","breadcrumb":{"@id":"https:\/\/virginiacentrobelleza.es\/index.php\/microdermoabrasion-o-limpieza-facial-con-puntas-de-diamante\/#breadcrumb"},"inLanguage":"es","potentialAction":[{"@type":"ReadAction","target":["https:\/\/virginiacentrobelleza.es\/index.php\/microdermoabrasion-o-limpieza-facial-con-puntas-de-diamante\/"]}]},{"@type":"BreadcrumbList","@id":"https:\/\/virginiacentrobelleza.es\/index.php\/microdermoabrasion-o-limpieza-facial-con-puntas-de-diamante\/#breadcrumb","itemListElement":[{"@type":"ListItem","position":1,"name":"Portada","item":"https:\/\/virginiacentrobelleza.es\/"},{"@type":"ListItem","position":2,"name":"MICRODERMOABRASI\u00d3N O LIMPIEZA FACIAL CON PUNTAS DE DIAMANTE"}]},{"@type":"WebSite","@id":"https:\/\/virginiacentrobelleza.es\/#website","url":"https:\/\/virginiacentrobelleza.es\/","name":"virginiacentrobelleza.es","description":"S&oacute;lo otro sitio de WordPress","publisher":{"@id":"https:\/\/virginiacentrobelleza.es\/#\/schema\/person\/b0baa4ae0b365b009216f49cb1cb5936"},"alternateName":"Centro Virginia","potentialAction":[{"@type":"SearchAction","target":{"@type":"EntryPoint","urlTemplate":"https:\/\/virginiacentrobelleza.es\/?s={search_term_string}"},"query-input":"required name=search_term_string"}],"inLanguage":"es"},{"@type":["Person","Organization"],"@id":"https:\/\/virginiacentrobelleza.es\/#\/schema\/person\/b0baa4ae0b365b009216f49cb1cb5936","name":"admin","image":{"@type":"ImageObject","inLanguage":"es","@id":"https:\/\/virginiacentrobelleza.es\/#\/schema\/person\/image\/","url":"https:\/\/virginiacentrobelleza.es\/wp-content\/uploads\/2022\/10\/cropped-54ced73337d34e33b546690dd4a78215-2.png","contentUrl":"https:\/\/virginiacentrobelleza.es\/wp-content\/uploads\/2022\/10\/cropped-54ced73337d34e33b546690dd4a78215-2.png","width":200,"height":113,"caption":"admin"},"logo":{"@id":"https:\/\/virginiacentrobelleza.es\/#\/schema\/person\/image\/"},"sameAs":["https:\/\/virginiacentrobelleza.es"]}]}},"_links":{"self":[{"href":"https:\/\/virginiacentrobelleza.es\/index.php\/wp-json\/wp\/v2\/pages\/1218","targetHints":{"allow":["GET"]}}],"collection":[{"href":"https:\/\/virginiacentrobelleza.es\/index.php\/wp-json\/wp\/v2\/pages"}],"about":[{"href":"https:\/\/virginiacentrobelleza.es\/index.php\/wp-json\/wp\/v2\/types\/page"}],"author":[{"embeddable":true,"href":"https:\/\/virginiacentrobelleza.es\/index.php\/wp-json\/wp\/v2\/users\/1"}],"replies":[{"embeddable":true,"href":"https:\/\/virginiacentrobelleza.es\/index.php\/wp-json\/wp\/v2\/comments?post=1218"}],"version-history":[{"count":4,"href":"https:\/\/virginiacentrobelleza.es\/index.php\/wp-json\/wp\/v2\/pages\/1218\/revisions"}],"predecessor-version":[{"id":1222,"href":"https:\/\/virginiacentrobelleza.es\/index.php\/wp-json\/wp\/v2\/pages\/1218\/revisions\/1222"}],"wp:attachment":[{"href":"https:\/\/virginiacentrobelleza.es\/index.php\/wp-json\/wp\/v2\/media?parent=1218"}],"curies":[{"name":"wp","href":"https:\/\/api.w.org\/{rel}","templated":true}]}}